*y - 2361. What is p(8)?
-873
Let d(y) = y**2 + 14124*y + 7478692. Calculate d(-551).
-31
Let n(z) = -4396*z - 117457. Calculate n(-27).
1235
Let q(r) = -8732*r + 69846. Calculate q(8).
-10
Let l(z) = 33560*z + 167810. Give l(-5).
10
Let l(m) = 4*m**2 - 64*m - 908. Determine l(-9).
-8
Let o(d) = 160*d + 72. What is o(7)?
1192
Let n(f) = -11932*f + 12635973. Give n(1059).
-15
Let u(j) = -217*j + 135847. Give u(626).
5
Let l(w) = -11141*w**2 + 77994*w - 39. Give l(7).
10
Let j(b) = 2*b**3 + 101*b**2 + 487*b + 469. Determine j(-4).
9
Let q(j) = 2*j**2 + 61*j - 103. Give q(-30).
-133
Let p(z) = 3*z**3 + 66*z**2 + 683*z + 9715. What is p(-19)?
-13
Let w(k) = k**2 + 16843*k + 772620. Calculate w(-46).
-42
Let r(l) = -17330*l + 2200817. Determine r(127).
-93
Let m(b) = b**3 + 121*b**2 + 839*b + 70. Determine m(-8).
590
Let w(o) = -2*o**2 - 74*o + 6229. What is w(39)?
301
Let n(z) = -8786*z - 52925. Calculate n(-6).
-209
Let g(h) = -4158*h + 145744. Calculate g(35).
214
Let r(h) = 34*h**2 - 1529*h + 183. Give r(44).
-1269
Let v(h) = -h**3 + 104*h**2 - 51*h + 5361. Calculate v(104).
57
Let y(j) = 4125*j + 606432. Give y(-147).
57
Let r(g) = -261*g**3 - 3921*g**2 - 95*g - 80. What is r(-15)?
-5
Let c(h) = -h**2 - 308*h - 8770. Determine c(-32).
62
Let o(x) = -x**3 + 20*x**2 + 78*x - 393. Determine o(21).
804
Let g(x) = -520*x**2 + 46829*x - 2608. Determine g(90).
2
Let s(d) = 2817*d + 1323978. Determine s(-470).
-12
Let y(x) = 220*x - 1412. Determine y(9).
568
Let r(p) = p**3 + 42*p**2 - 3875*p - 1793. Determine r(45).
7
Let l(v) = 5591*v - 155155. Give l(28).
1393
Let b(n) = -5*n**3 - 59*n**2 + 76*n - 19. What is b(1)?
-7
Let l(o) = 6*o**2 - 119*o - 341. Calculate l(-5).
404
Let j(g) = 18*g**3 - 23*g**2 + 37*g - 133. Calculate j(4).
799
Let m(d) = d**2 - 10745*d + 21496. Give m(2).
10
Let g(k) = 1474629*k + 7373149. Calculate g(-5).
4
Let x(o) = 3*o**2 - 107*o - 79. Give x(12).
-931
Let a(y) = -342*y - 29088. What is a(-85)?
-18
Let a(s) = 749*s + 210330. Give a(-281).
-139
Let b(t) = -94*t - 5852. What is b(-65)?
258
Let d(n) = 14*n**2 - 33*n - 688. Give d(-8).
472
Let x(w) = -2*w**3 - 7*w**2 + 121*w - 522. Give x(-12).
474
Let f(h) = -h**3 - 62*h**2 + 849*h - 2717. Determine f(6).
-71
Let t(d) = -5*d**3 + 893*d**2 + 83*d + 49235. Calculate t(179).
10
Let a(q) = q**2 + 75*q + 988. Calculate a(-45).
-362
Let z(r) = 105*r**2 + 1033*r + 784. What is z(-9)?
-8
Let x(h) = 3848*h + 19193. Give x(-5).
-47
Let a(j) = -2*j**3 + 57*j**2 + 47*j - 2103. Calculate a(28).
-3
Let t(g) = -183*g + 3457. Give t(25).
-1118
Let y(w) = -10*w**2 - 7*w + 7. Give y(0).
7
Let c(o) = -24*o - 518. Give c(-23).
34
Let g(y) = y**3 - 25*y**2 + 635*y - 5325. What is g(11)?
-34
Let j(y) = 25*y**2 - 2048*y - 184. What is j(82)?
-20
Let m(a) = -a**3 - 27*a**2 - 166*a - 129. Give m(-19).
137
Let b(n) = -1021638*n - 5108193. Give b(-5).
-3
Let a(r) = 2*r**2 + 17821*r - 787988. Give a(44).
8
Let q(n) = -2*n**3 - 242*n**2 + 205*n - 5194. Determine q(-122).
-436
Let x(u) = -u**3 - 34*u**2 - 496*u - 11410. Give x(-30).
-130
Let s(c) = c**2 + 8252*c + 98724. Determine s(-12).
-156
Let u(n) = 4*n**2 + 406*n + 12178. Give u(-34).
2998
Let r(l) = l**3 + 44*l**2 - 84*l + 306. Give r(-46).
-62
Let d(u) = u**3 - 144*u**2 + 5117*u + 258. Give d(64).
66
Let v(h) = h**2 - 141*h - 3193. Calculate v(162).
209
Let g(a) = -5*a**3 + 232*a**2 - 87*a + 1912. Calculate g(46).
2142
Let m(n) = n**2 - 660*n - 5940. Determine m(-9).
81
Let k(t) = -4*t**3 + 280*t**2 + 315*t - 21618. Determine k(70).
432
Let z(i) = -608*i - 3962. Determine z(-7).
294
Let d(y) = 10*y**3 + 7489*y**2 - 755*y - 4473. Give d(-749).
21
Let r(t) = 35*t**3 + 2202*t**2 - 186*t + 113. What is r(-63)?
-76
Let f(o) = 5*o**2 - 1142*o - 4721. Determine f(-4).
-73
Let h(d) = 2*d**3 + 28*d**2 + 72*d - 5. Determine h(-4).
27
Let o(d) = -3*d**2 - 154*d - 295. Determine o(-65).
-2960
Let s(c) = -c**3 - 120*c**2 - 1082*c + 1927. Give s(-110).
-53
Let p(f) = 4572*f + 13847. Give p(-3).
131
Let o(q) = 47406*q - 1469589. What is o(31)?
-3
Let o(p) = 112*p**2 + 272*p + 103. Give o(-2).
7
Let a(h) = -90*h**2 - 2964*h - 64. Calculate a(-33).
-262
Let m(u) = -822*u**2 - 15618*u + 22. Calculate m(-19).
22
Let j(s) = 10034*s - 148488. Calculate j(15).
2022
Let s(l) = l**2 + 137*l + 4040. Determine s(-78).
-562
Let y(t) = -t**2 + 469370*t - 3754901. What is y(8)?
-5
Let k(x) = 560*x + 3231. Give k(-6).
-129
Let l(f) = 5*f**2 + 95103*f - 190204. Determine l(2).
22
Let h(u) = -39*u**2 + 180*u - 38. What is h(8)?
-1094
Let b(u) = -85*u - 566. Calculate b(-9).
199
Let x(l) = 2*l**3 - 21*l**2 + 2045*l - 18386. Calculate x(9).
-224
Let m(k) = -4*k**2 + 86*k - 80. Determine m(16).
272
Let b(y) = 594*y - 6040. What is b(11)?
494
Let s(z) = 639*z + 34326. Calculate s(-53).
459
Let d(r) = 1920*r - 7394. What is d(1)?
-5474
Let k(r) = 939*r - 588758. Determine k(627).
-5
Let q(z) = 447*z - 10642. What is q(24)?
86
Let a(r) = -2525*r - 30361. What is a(-12)?
-61
Let q(a) = 26879*a + 699141. Determine q(-26).
287
Let j(z) = -6*z**2 - 583*z - 2911. Determine j(-5).
-146
Let r(s) = 2*s**3 + 24*s**2 - 121*s + 103. Determine r(-16).
-9
Let x(n) = -60889*n - 121993. Give x(-2).
-215
Let t(d) = 11*d**2 - 573*d - 528. What is t(53)?
2
Let k(b) = 159924*b - 159924. Calculate k(1).
0
Let y(u) = 4*u**3 - 453*u**2 + 119*u - 667. What is y(113)?
11
Let j(n) = -5*n**2 + 544*n - 13997. Calculate j(67).
6
Let g(w) = 78*w**2 - 204*w + 202. Calculate g(1).
76
Let l(z) = 5*z**3 + 2973*z**2 - 1209*z - 11307. Determine l(-595).
-2
Let s(d) = d**3 + 136*d**2 - 2527*d + 1520. Give s(16).
0
Let q(t) = 1626*t - 24070. Give q(15).
320
Let v(u) = -369309*u + 1107953. Determine v(3).
26
Let t(q) = 654*q + 9877. Give t(-15).
67
Let v(n) = 4834*n - 106200. What is v(22)?
148
Let g(r) = 17305*r**2 - 34586*r + 2. Calculate g(2).
50
Let m(t) = -60*t**2 - 1747*t + 32470. What is m(-42)?
4
Let h(t) = t**3 - 25*t**2 - 91918*t + 11057. Determine h(-291).
-1
Let g(l) = l**3 + 714*l**2 - 66128*l + 18344. Calculate g(-797).
13
Let i(r) = -579*r - 3999. What is i(-7)?
54
Let o(r) = -r**2 + 2901*r - 153790. Calculate o(54).
-52
Let c(t) = -2*t**3 + 33*t**2 + 42*t - 1423. Calculate c(8).
1
Let a(v) = -v**3 + 145*v**2 + 569*v - 61847. What is a(146)?
-89
Let i(g) = -1655*g**3 + 17*g**2 - 10*g + 3. Calculate i(1).
-1645
Let s(j) = -64*j**2 + 203*j + 19. Determine s(1).
158
Let c(i) = -10*i**2 + 5091*i - 20395. Give c(4).
-191
Let j(z) = -z**3 + 52*z**2 + 46*z - 1176. Calculate j(52).
1216
Let s(p) = p**2 + 97422*p + 974097. Calculate s(-10).
-23
Let a(r) = 7*r**3 - 44*r**2 - 14*r + 12. What is a(-4)?
-1084
Let a(y) = -68*y**3 - 11*y**2 + 8*y + 2. What is a(2)?
-570
Let t(f) = -f**3 - 256*f**2 - 566*f - 14441. Calculate t(-254).
291
Let x(b) = -1497*b - 8371. Determine x(-5).
-886
Let k(x) = -2*x**3 + 11*x**2 + 40*x - 156. Calculate k(4).
52
Let m(f) = f**3 + 14*f**2 - 66*f - 446. Determine m(-11).
643
Let m(w) = w**2 - 587*w + 38831. Determine m(511).
-5
Let v(w) = -3*w**3 + 55*w**2 - 855*w + 16950. Determine v(19).
-17
Let g(z) = 5*z**3 - 5*z**2 - 91*z + 590. Calculate g(8).
2102
Let y(o) = -o**2 - 1022*o + 11082. What is y(11)?
-281
Let x(s) = 494*s**3 + 394*s**2 - 392*s - 2. Determine x(1).
494
Let y(h) = 2611*h**2 - 263703*h - 885. Give y(101).
-77
Let l(q) = -q**3 + 50*q**2 + 86*q + 67. What is l(51)?
1852
Let j(m) = 555*m - 37835. Calculate j(68).
-95
Let g(c) = -7*c**3 + 361*c**2 + 157*c - 56. Determine g(52).
-4
Let v(w) = -1158183*w - 13898189. What is v(-12)?
7
Let u(a) = -58*a**2 - 4580*a + 194. Determine u(-79).
36
Let l(f) = 21*f**2 - 33236*f + 22152. Determine l(1582).
4
Let f(a) = 1926*a + 20494. Determine f(-11).
-692
Let v(f) = 23*f**3 + 4*f**2 + 21*f + 16. Calculate v(-1).
-24
Let d(p) = -1676*p + 209494. Determine d(125).
-6
Let k(q) = 697*q - 5735. Determine k(8).
-159
Let s(r) = -4*r**3 + 1449*r**2 - 1814*r + 3254. Give s(361).
5
Let b(v) = 375*v - 24191. What is b(64)?
-191
Let w(x) = x - 982. What is w(-100)?
-1082
Let q(b) = -8695*b - 173903. Give q(-20).
-3
Let v(a) = -10956*a - 1774882. Give v(-162).
-10
Let w(q) = 40137*q + 1886424. Determine w(-47).
-15
Let x(l) = -494*l - 6128. Calculate x(-12).
-200
Let r(n) = n**3 - 220*n**2 - 1586*n - 549. Give r(227).
132
Let x(l) = 5*l**3 - 613